{"id":2834,"date":"2020-11-09T13:45:24","date_gmt":"2020-11-09T12:45:24","guid":{"rendered":"http:\/\/www.ceipmaestrorafaelbravomartin.es\/?page_id=2834"},"modified":"2025-06-30T11:54:17","modified_gmt":"2025-06-30T09:54:17","slug":"comedor-escolar","status":"publish","type":"page","link":"https:\/\/www.ceipmaestrorafaelbravomartin.es\/?page_id=2834","title":{"rendered":"Comedor escolar"},"content":{"rendered":"\n<div class=\"wp-block-themeisle-blocks-advanced-columns has-undefined-columns has-desktop-undefined-layout has-tablet-equal-layout has-mobile-equal-layout has-default-gap has-vertical-unset\" id=\"wp-block-themeisle-blocks-advanced-columns-f3cb5918\"><div class=\"wp-block-themeisle-blocks-advanced-columns-overlay\"><\/div><div class=\"innerblocks-wrap\"><\/div><\/div>\n\n\n\n<p>En esta secci\u00f3n os informaremos tanto del men\u00fa mensual de nuestro comedor como de las noticias relacionadas con el uso del servicio.<\/p>\n\n\n\n<div data-wp-interactive=\"core\/file\" class=\"wp-block-file\"><object data-wp-bind--hidden=\"!state.hasPdfPreview\" hidden class=\"wp-block-file__embed\" data=\"https:\/\/www.ceipmaestrorafaelbravomartin.es\/wp-content\/uploads\/2025\/06\/SEVILLA-DOS-NORTE-Circular-a-los-Padres-Ano-2025-2026.pdf\" type=\"application\/pdf\" style=\"width:100%;height:600px\" aria-label=\"Incrustado de Circular a los Padres A\u00f1o 2025-2026.\"><\/object><a id=\"wp-block-file--media-846d8ed6-77d3-4727-a187-1c533da6e1ed\" href=\"https:\/\/www.ceipmaestrorafaelbravomartin.es\/wp-content\/uploads\/2025\/06\/SEVILLA-DOS-NORTE-Circular-a-los-Padres-Ano-2025-2026.pdf\">Circular a los Padres A\u00f1o 2025-2026<\/a><a href=\"https:\/\/www.ceipmaestrorafaelbravomartin.es\/wp-content\/uploads\/2025\/06\/SEVILLA-DOS-NORTE-Circular-a-los-Padres-Ano-2025-2026.pdf\" class=\"wp-block-file__button wp-element-button\" download aria-describedby=\"wp-block-file--media-846d8ed6-77d3-4727-a187-1c533da6e1ed\">Descarga<\/a><\/div>\n\n\n\n<p>El horario del comedor ser\u00e1 de 14:00 a 16:00 horas.<\/p>\n\n\n\n<p>El alumnado, tanto de Infantil como de primer ciclo de Primaria, ser\u00e1 recogido por las monitoras en sus aulas.<\/p>\n\n\n\n<p>Se recomienda la recogida del alumnado en los siguientes turnos:<\/p>\n\n\n\n<ul class=\"wp-block-list\">\n<li>14:45 horas<\/li>\n\n\n\n<li>15:30 horas.<\/li>\n<\/ul>\n\n\n\n<p>La recogida del alumnado se llevar\u00e1 a cabo por la puerta principal (c\/ Huertecilla). El familiar que recoja al alumnado podr\u00e1 acceder hasta la puerta de cristal, sin acceder al interior del edificio, donde esperar\u00e1 a que las monitoras le entreguen al alumno\/a.<\/p>\n\n\n\n<p>Para organizar correctamente el cobro deber\u00e1n comunicar a la empresa (por la plataforma) tres d\u00edas antes la ausencia del alumno y la baja del servicio comunicarla al colegio una semana antes de la finalizaci\u00f3n del mes.<\/p>\n\n\n\n<p>Para consultar los men\u00fas os dejamos la siguiente informaci\u00f3n:<\/p>\n\n\n\n<div data-wp-interactive=\"core\/file\" class=\"wp-block-file\"><object data-wp-bind--hidden=\"!state.hasPdfPreview\" hidden class=\"wp-block-file__embed\" data=\"https:\/\/www.ceipmaestrorafaelbravomartin.es\/wp-content\/uploads\/2024\/09\/PROCEDIMIENTO-CONSULTA-MENUS-24-25.pdf\" type=\"application\/pdf\" style=\"width:100%;height:600px\" aria-label=\"Incrustado de PROCEDIMIENTO-CONSULTA-MENUS-24-25.\"><\/object><a id=\"wp-block-file--media-6870d9c5-88af-4160-a6ea-007fe21fd57c\" href=\"https:\/\/www.ceipmaestrorafaelbravomartin.es\/wp-content\/uploads\/2024\/09\/PROCEDIMIENTO-CONSULTA-MENUS-24-25.pdf\">PROCEDIMIENTO-CONSULTA-MENUS-24-25<\/a><a href=\"https:\/\/www.ceipmaestrorafaelbravomartin.es\/wp-content\/uploads\/2024\/09\/PROCEDIMIENTO-CONSULTA-MENUS-24-25.pdf\" class=\"wp-block-file__button wp-element-button\" download aria-describedby=\"wp-block-file--media-6870d9c5-88af-4160-a6ea-007fe21fd57c\">Descarga<\/a><\/div>\n\n\n\n<p><\/p>\n","protected":false},"excerpt":{"rendered":"<p>En esta secci\u00f3n os informaremos tanto del men\u00fa mensual de nuestro comedor como de las noticias relacionadas con el uso del servicio. El horario del comedor ser\u00e1 de 14:00 a 16:00 horas. El alumnado, tanto de Infantil como de primer ciclo de Primaria, ser\u00e1 recogido por las monitoras en sus [&hellip;]<\/p>\n","protected":false},"author":6,"featured_media":0,"parent":0,"menu_order":0,"comment_status":"closed","ping_status":"closed","template":"","meta":{"jetpack_post_was_ever_published":false,"footnotes":""},"class_list":["post-2834","page","type-page","status-publish","hentry"],"jetpack_sharing_enabled":true,"jetpack_shortlink":"https:\/\/wp.me\/P9VlHp-JI","jetpack-related-posts":[{"id":3324,"url":"https:\/\/www.ceipmaestrorafaelbravomartin.es\/?page_id=3324","url_meta":{"origin":2834,"position":0},"title":"Escolarizaci\u00f3n 2026\/2027","author":"CEIP Maestro Rafael Bravo Mart\u00edn","date":"3 marzo, 2023","format":false,"excerpt":"PLAZO DE SOLICITUD: \u00a0\u00a0\u00a0 Para todos los niveles,\u00a0del 1 al 31 de marzo de 2026, ambos incluidos \u00a0\u00a0\u00a0 La Consejer\u00eda de Educaci\u00f3n y Deporte pone a su disposici\u00f3n el tel\u00e9fono 900 84 80 00 y un portal en el que acceder\u00e1 a una amplia informaci\u00f3n sobre el proceso, entre otras\u2026","rel":"","context":"Entrada similar","block_context":{"text":"Entrada similar","link":""},"img":{"alt_text":"","src":"","width":0,"height":0},"classes":[]},{"id":384,"url":"https:\/\/www.ceipmaestrorafaelbravomartin.es\/?page_id=384","url_meta":{"origin":2834,"position":1},"title":"Proyecto TIC","author":"CEIP Maestro Rafael Bravo Mart\u00edn","date":"4 julio, 2013","format":false,"excerpt":"Se publicar\u00e1n trabajos, documentaci\u00f3n, etc. relacionados con las nuevas tecnolog\u00edas de la comunicaci\u00f3n y la informaci\u00f3n. Nuestra sociedad actual est\u00e1 caracterizada por cambios r\u00e1pidos y profundos, especialmente motivados por el desarrollo de las Nuevas Tecnolog\u00edas de la Informaci\u00f3n y el Conocimiento. La escuela no puede estar ajena a este fen\u00f3meno\u2026","rel":"","context":"Entrada similar","block_context":{"text":"Entrada similar","link":""},"img":{"alt_text":"","src":"","width":0,"height":0},"classes":[]},{"id":2634,"url":"https:\/\/www.ceipmaestrorafaelbravomartin.es\/?page_id=2634","url_meta":{"origin":2834,"position":2},"title":"Creciendo en salud","author":"CEIP Maestro Rafael Bravo Mart\u00edn","date":"11 mayo, 2020","format":false,"excerpt":"\u00a1En el CEIP Maestro Rafael Bravo Mart\u00edn, crememos en salud! \u00a1\u00a1Hola!! Bienvenido\/a a la parte saludable de la web del cole! Es verdad que estamos en unas circunstancias un poco excepcionales, pero no por eso hemos de dejar de lado la salud. Al fin y al cabo, un cuerpo saludable,\u2026","rel":"","context":"Entrada similar","block_context":{"text":"Entrada similar","link":""},"img":{"alt_text":"","src":"https:\/\/i0.wp.com\/img.youtube.com\/vi\/3bjggxDiXyk\/0.jpg?resize=350%2C200","width":350,"height":200},"classes":[]},{"id":2632,"url":"https:\/\/www.ceipmaestrorafaelbravomartin.es\/?page_id=2632","url_meta":{"origin":2834,"position":3},"title":"Plan de igualdad","author":"CEIP Maestro Rafael Bravo Mart\u00edn","date":"11 mayo, 2020","format":false,"excerpt":"En nuestro Cole hemos celebrado el 8 de Marzo: \u201cD\u00eda Internacional de la Mujer\u201d realizando diferentes actividades, lecturas y juegos. Conmemorado este d\u00eda con un MURAL en colaboraci\u00f3n con nuestra AMPA en tela, a la que queremos agradecer su participaci\u00f3n y esfuerzo. Nuestro alumnado lo ha completado con diferentes siluetas\u2026","rel":"","context":"Entrada similar","block_context":{"text":"Entrada similar","link":""},"img":{"alt_text":"","src":"https:\/\/i0.wp.com\/www.ceipmaestrorafaelbravomartin.es\/wp-content\/uploads\/2022\/03\/image-1.png?resize=350%2C200&ssl=1","width":350,"height":200,"srcset":"https:\/\/i0.wp.com\/www.ceipmaestrorafaelbravomartin.es\/wp-content\/uploads\/2022\/03\/image-1.png?resize=350%2C200&ssl=1 1x, https:\/\/i0.wp.com\/www.ceipmaestrorafaelbravomartin.es\/wp-content\/uploads\/2022\/03\/image-1.png?resize=525%2C300&ssl=1 1.5x, https:\/\/i0.wp.com\/www.ceipmaestrorafaelbravomartin.es\/wp-content\/uploads\/2022\/03\/image-1.png?resize=700%2C400&ssl=1 2x, https:\/\/i0.wp.com\/www.ceipmaestrorafaelbravomartin.es\/wp-content\/uploads\/2022\/03\/image-1.png?resize=1050%2C600&ssl=1 3x"},"classes":[]},{"id":382,"url":"https:\/\/www.ceipmaestrorafaelbravomartin.es\/?page_id=382","url_meta":{"origin":2834,"position":4},"title":"Proyecto Biling\u00fce","author":"CEIP Maestro Rafael Bravo Mart\u00edn","date":"4 julio, 2013","format":false,"excerpt":"Auxiliares de conversaci\u00f3n\/ Language assistant English-Information-sheet-for-LA-25.26-1Descarga En la actualidad, dada la sociedad pluriling\u00fce y multicultural en la que nos encontramos, se hace necesario el dominio de varios idiomas y el conocimiento de distintas culturas. Esto no solo nos enriquece a nivel personal, sino que favorece la inserci\u00f3n en la vida\u2026","rel":"","context":"Entrada similar","block_context":{"text":"Entrada similar","link":""},"img":{"alt_text":"","src":"","width":0,"height":0},"classes":[]},{"id":378,"url":"https:\/\/www.ceipmaestrorafaelbravomartin.es\/?page_id=378","url_meta":{"origin":2834,"position":5},"title":"Contacta","author":"CEIP Maestro Rafael Bravo Mart\u00edn","date":"4 julio, 2013","format":false,"excerpt":"Nos encontramos en: c\/ Huertecilla, s\/n. Alcal\u00e1 del R\u00edo, Sevilla Tel\u00e9fonos de contacto: 955622298\/ 97 Email: administracion@ceipmaestrorafaelbravomartin.es 41000338.edu@juntadeandalucia.es La atenci\u00f3n al p\u00fablico ser\u00e1 mediante cita previa.","rel":"","context":"Entrada similar","block_context":{"text":"Entrada similar","link":""},"img":{"alt_text":"","src":"","width":0,"height":0},"classes":[]}],"_links":{"self":[{"href":"https:\/\/www.ceipmaestrorafaelbravomartin.es\/index.php?rest_route=\/wp\/v2\/pages\/2834","targetHints":{"allow":["GET"]}}],"collection":[{"href":"https:\/\/www.ceipmaestrorafaelbravomartin.es\/index.php?rest_route=\/wp\/v2\/pages"}],"about":[{"href":"https:\/\/www.ceipmaestrorafaelbravomartin.es\/index.php?rest_route=\/wp\/v2\/types\/page"}],"author":[{"embeddable":true,"href":"https:\/\/www.ceipmaestrorafaelbravomartin.es\/index.php?rest_route=\/wp\/v2\/users\/6"}],"replies":[{"embeddable":true,"href":"https:\/\/www.ceipmaestrorafaelbravomartin.es\/index.php?rest_route=%2Fwp%2Fv2%2Fcomments&post=2834"}],"version-history":[{"count":22,"href":"https:\/\/www.ceipmaestrorafaelbravomartin.es\/index.php?rest_route=\/wp\/v2\/pages\/2834\/revisions"}],"predecessor-version":[{"id":3545,"href":"https:\/\/www.ceipmaestrorafaelbravomartin.es\/index.php?rest_route=\/wp\/v2\/pages\/2834\/revisions\/3545"}],"wp:attachment":[{"href":"https:\/\/www.ceipmaestrorafaelbravomartin.es\/index.php?rest_route=%2Fwp%2Fv2%2Fmedia&parent=2834"}],"curies":[{"name":"wp","href":"https:\/\/api.w.org\/{rel}","templated":true}]}}