{"id":3324,"date":"2023-03-03T13:18:23","date_gmt":"2023-03-03T12:18:23","guid":{"rendered":"http:\/\/www.ceipmaestrorafaelbravomartin.es\/?page_id=3324"},"modified":"2026-03-03T10:38:57","modified_gmt":"2026-03-03T09:38:57","slug":"escolarizacion-2023-2024","status":"publish","type":"page","link":"https:\/\/www.ceipmaestrorafaelbravomartin.es\/?page_id=3324","title":{"rendered":"Escolarizaci\u00f3n 2026\/2027"},"content":{"rendered":"\n<p><em><strong>PLAZO DE SOLICITUD<\/strong><\/em><strong>:<\/strong><\/p>\n\n\n\n<p>&nbsp;&nbsp;&nbsp; Para todos los niveles,&nbsp;del <strong>1 al 31 de marzo de 2026<\/strong>, ambos incluidos<\/p>\n\n\n\n<p>\u00a0\u00a0\u00a0 La Consejer\u00eda de Educaci\u00f3n y Deporte pone a su disposici\u00f3n el tel\u00e9fono 900 84 80 00 y un portal en el que acceder\u00e1 a una amplia informaci\u00f3n sobre el proceso, entre otras cosas, la puntuaci\u00f3n que le corresponde por su domicilio, para visitarla pulse\u00a0<a href=\"https:\/\/www.juntadeandalucia.es\/educacion\/portales\/web\/escolarizacion\">aqu\u00ed<\/a>.<\/p>\n\n\n\n<p>La solicitud de plaza se realizar\u00e1 telem\u00e1ticamente a trav\u00e9s de la <strong>Secretar\u00eda Virtual<\/strong> de la Consejer\u00eda de Educaci\u00f3n y Deporte con iANDE (Identificador Andaluz educativo) o con clave. Para acceder a la secretar\u00eda virtual pulse <a href=\"https:\/\/secretariavirtual.juntadeandalucia.es\/secretariavirtual\/accesoTramite\/543\/\">aqu\u00ed<\/a>.<\/p>\n\n\n\n<p><strong><em>CONSULTA DE SOLICITUDES<\/em>:<\/strong><\/p>\n\n\n\n<p>&nbsp;&nbsp;&nbsp;&nbsp; En&nbsp;el&nbsp;<a href=\"https:\/\/www.juntadeandalucia.es\/educacion\/portales\/es\/web\/escolarizacion\" target=\"_blank\" rel=\"noreferrer noopener\">Portal de Escolarizaci\u00f3n<\/a>&nbsp;puesto en marcha por la Consejer\u00eda el 1 de marzo coincidiendo con la apertura del plazo de presentaci\u00f3n de solicitudes de admisi\u00f3n,&nbsp;las familias podr\u00e1n encontrar informaci\u00f3n sobre todo el proceso de escolarizaci\u00f3n, las zonas y \u00e1reas de influencia, as\u00ed como las solicitudes de admisi\u00f3n o un autobaremo. Para consultar las solicitudes ya baremadas, los interesados pueden acceder (<a rel=\"noreferrer noopener\" href=\"https:\/\/www.juntadeandalucia.es\/educacion\/secretariavirtual\/consultas\/\" target=\"_blank\">https:\/\/secretariavirtual.ced.junta-andalucia.es\/secretariavirtual\/<\/a>&nbsp;introduciendo el DNI del tutor legal del solicitante, la fecha de nacimiento del alumno y el c\u00f3digo del centro en el que se present\u00f3 la solicitud de escolarizaci\u00f3n, en nuestro caso: 41000338.<\/p>\n\n\n\n<p>&nbsp;&nbsp; Adem\u00e1s, la aplicaci\u00f3n para smartphones&nbsp;<em>iEscolariza<\/em>&nbsp;permite realizar consultas de centros as\u00ed como de los puntos del baremo por domicilio. Como novedad este a\u00f1o, a trav\u00e9s de este dispositivo las familias recibir\u00e1n notificaciones gratuitas tanto del procedimiento como de su solicitud.<\/p>\n\n\n\n<p>Descargue la app iEscolariza en&nbsp;<a href=\"https:\/\/apps.apple.com\/es\/app\/iescolariza\/id606516551?l=en\">App Store<\/a> y <a href=\"https:\/\/play.google.com\/store\/apps\/details?id=es.juntadeandalucia.ced.escolarizacion\">Google Play<\/a><\/p>\n\n\n\n<p><strong><em>HORARIO DE ATENCI\u00d3N AL P\u00daBLICO DURANTE EL PER\u00cdODO DE SOLICITUD DE PLAZA<\/em>:<\/strong><\/p>\n\n\n\n<p>&nbsp;&nbsp;&nbsp; de 9:15 a 11:15 en el tel\u00e9fono 955622298<\/p>\n\n\n\n<p><strong>CALENDARIO 2026:<\/strong>&nbsp;<\/p>\n\n\n\n<ul class=\"wp-block-list\">\n<li><strong>JORNADAS DE PUERTAS ABIERTAS.&nbsp;&nbsp; Encuentro&nbsp; con las familias interesadas. D\u00eda 24 de febrero a las 17:00h<\/strong>.<\/li>\n<\/ul>\n\n\n\n<p>Para cualquier aclaraci\u00f3n pueden utilizar el tel\u00e9fono 955622298 o el correo electr\u00f3nico de informaci\u00f3n: 41000338.edu@juntadeandalucia.es o administracion@ceipmaestrorafaelbravomartin.es en el que les atenderemos gustosamente.<\/p>\n\n\n\n<figure class=\"wp-block-table\"><table><tbody><tr><td><strong>FECHAS<\/strong><\/td><td><strong>PROCESO<\/strong><\/td><\/tr><tr><td><strong>1  al 31 de marzo<\/strong><\/td><td>Presentaci\u00f3n de las solicitudes de admisi\u00f3n para el&nbsp;<strong>ALUMNADO NUEVO&nbsp;<\/strong>en el centro o traslado de centro (Anexo III).<\/td><\/tr><tr><td><strong>20 abril<\/strong><\/td><td>Publicaci\u00f3n de la relaci\u00f3n de solicitantes con la puntuaci\u00f3n obtenida en los tablones del centro.<\/td><\/tr><tr><td><strong>21 abril<\/strong><\/td><td>Comienza el tr\u00e1mite de audiencia (10 d\u00edas lectivos).<\/td><\/tr><tr><td><strong>13 mayo<\/strong><\/td><td>Sorteo p\u00fablico.<\/td><\/tr><tr><td><strong>14 mayo<\/strong><\/td><td>Resoluci\u00f3n de admisi\u00f3n en el centro.<\/td><\/tr><tr><td><strong>25 mayo<\/strong><\/td><td>Se publicar\u00e1 la REUBICACI\u00d3N del alumnado no admitido.<\/td><\/tr><tr><td><strong>26 mayo<\/strong><\/td><td>Recurso de alzada y reclamaciones (hasta el 26 de junio).<\/td><\/tr><tr><td><strong>1 al 8 de junio<\/strong><\/td><td>MATRICULACI\u00d3N segundo ciclo de educaci\u00f3n infantil, educaci\u00f3n primaria y educaci\u00f3n especial de todo el alumnado (nuevo y actual).<\/td><\/tr><tr><td><\/td><td><\/td><\/tr><\/tbody><\/table><\/figure>\n\n\n\n<p><\/p>\n","protected":false},"excerpt":{"rendered":"<p>PLAZO DE SOLICITUD: &nbsp;&nbsp;&nbsp; Para todos los niveles,&nbsp;del 1 al 31 de marzo de 2026, ambos incluidos \u00a0\u00a0\u00a0 La Consejer\u00eda de Educaci\u00f3n y Deporte pone a su disposici\u00f3n el tel\u00e9fono 900 84 80 00 y un portal en el que acceder\u00e1 a una amplia informaci\u00f3n sobre el proceso, entre otras [&hellip;]<\/p>\n","protected":false},"author":6,"featured_media":0,"parent":0,"menu_order":0,"comment_status":"closed","ping_status":"closed","template":"","meta":{"jetpack_post_was_ever_published":false,"footnotes":""},"class_list":["post-3324","page","type-page","status-publish","hentry"],"jetpack_sharing_enabled":true,"jetpack_shortlink":"https:\/\/wp.me\/P9VlHp-RC","jetpack-related-posts":[{"id":384,"url":"https:\/\/www.ceipmaestrorafaelbravomartin.es\/?page_id=384","url_meta":{"origin":3324,"position":0},"title":"Proyecto TIC","author":"CEIP Maestro Rafael Bravo Mart\u00edn","date":"4 julio, 2013","format":false,"excerpt":"Se publicar\u00e1n trabajos, documentaci\u00f3n, etc. relacionados con las nuevas tecnolog\u00edas de la comunicaci\u00f3n y la informaci\u00f3n. Nuestra sociedad actual est\u00e1 caracterizada por cambios r\u00e1pidos y profundos, especialmente motivados por el desarrollo de las Nuevas Tecnolog\u00edas de la Informaci\u00f3n y el Conocimiento. La escuela no puede estar ajena a este fen\u00f3meno\u2026","rel":"","context":"Entrada similar","block_context":{"text":"Entrada similar","link":""},"img":{"alt_text":"","src":"","width":0,"height":0},"classes":[]},{"id":2645,"url":"https:\/\/www.ceipmaestrorafaelbravomartin.es\/?page_id=2645","url_meta":{"origin":3324,"position":1},"title":"Escuela espacio de paz","author":"CEIP Maestro Rafael Bravo Mart\u00edn","date":"12 mayo, 2020","format":false,"excerpt":"\u00a1En el CEIP Rafael Bravo Mart\u00edn, educamos para la paz! Bienvenidos\/as a todos\/as a este espacio dedicado a la Educaci\u00f3n para la Paz. Si bien nuestro Centro est\u00e1 dotado de recursos suficientes para realizar una labor educativa de calidad, existiendo un ambiente sosegado y tranquilo entre el profesorado, con un\u2026","rel":"","context":"Entrada similar","block_context":{"text":"Entrada similar","link":""},"img":{"alt_text":"","src":"","width":0,"height":0},"classes":[]},{"id":382,"url":"https:\/\/www.ceipmaestrorafaelbravomartin.es\/?page_id=382","url_meta":{"origin":3324,"position":2},"title":"Proyecto Biling\u00fce","author":"CEIP Maestro Rafael Bravo Mart\u00edn","date":"4 julio, 2013","format":false,"excerpt":"Auxiliares de conversaci\u00f3n\/ Language assistant English-Information-sheet-for-LA-25.26-1Descarga En la actualidad, dada la sociedad pluriling\u00fce y multicultural en la que nos encontramos, se hace necesario el dominio de varios idiomas y el conocimiento de distintas culturas. Esto no solo nos enriquece a nivel personal, sino que favorece la inserci\u00f3n en la vida\u2026","rel":"","context":"Entrada similar","block_context":{"text":"Entrada similar","link":""},"img":{"alt_text":"","src":"","width":0,"height":0},"classes":[]},{"id":2634,"url":"https:\/\/www.ceipmaestrorafaelbravomartin.es\/?page_id=2634","url_meta":{"origin":3324,"position":3},"title":"Creciendo en salud","author":"CEIP Maestro Rafael Bravo Mart\u00edn","date":"11 mayo, 2020","format":false,"excerpt":"\u00a1En el CEIP Maestro Rafael Bravo Mart\u00edn, crememos en salud! \u00a1\u00a1Hola!! Bienvenido\/a a la parte saludable de la web del cole! Es verdad que estamos en unas circunstancias un poco excepcionales, pero no por eso hemos de dejar de lado la salud. Al fin y al cabo, un cuerpo saludable,\u2026","rel":"","context":"Entrada similar","block_context":{"text":"Entrada similar","link":""},"img":{"alt_text":"","src":"https:\/\/i0.wp.com\/img.youtube.com\/vi\/3bjggxDiXyk\/0.jpg?resize=350%2C200","width":350,"height":200},"classes":[]},{"id":2834,"url":"https:\/\/www.ceipmaestrorafaelbravomartin.es\/?page_id=2834","url_meta":{"origin":3324,"position":4},"title":"Comedor escolar","author":"CEIP Maestro Rafael Bravo Mart\u00edn","date":"9 noviembre, 2020","format":false,"excerpt":"En esta secci\u00f3n os informaremos tanto del men\u00fa mensual de nuestro comedor como de las noticias relacionadas con el uso del servicio. Circular a los Padres A\u00f1o 2025-2026Descarga El horario del comedor ser\u00e1 de 14:00 a 16:00 horas. El alumnado, tanto de Infantil como de primer ciclo de Primaria, ser\u00e1\u2026","rel":"","context":"Entrada similar","block_context":{"text":"Entrada similar","link":""},"img":{"alt_text":"","src":"","width":0,"height":0},"classes":[]},{"id":2632,"url":"https:\/\/www.ceipmaestrorafaelbravomartin.es\/?page_id=2632","url_meta":{"origin":3324,"position":5},"title":"Plan de igualdad","author":"CEIP Maestro Rafael Bravo Mart\u00edn","date":"11 mayo, 2020","format":false,"excerpt":"En nuestro Cole hemos celebrado el 8 de Marzo: \u201cD\u00eda Internacional de la Mujer\u201d realizando diferentes actividades, lecturas y juegos. Conmemorado este d\u00eda con un MURAL en colaboraci\u00f3n con nuestra AMPA en tela, a la que queremos agradecer su participaci\u00f3n y esfuerzo. Nuestro alumnado lo ha completado con diferentes siluetas\u2026","rel":"","context":"Entrada similar","block_context":{"text":"Entrada similar","link":""},"img":{"alt_text":"","src":"https:\/\/i0.wp.com\/www.ceipmaestrorafaelbravomartin.es\/wp-content\/uploads\/2022\/03\/image-1.png?resize=350%2C200&ssl=1","width":350,"height":200,"srcset":"https:\/\/i0.wp.com\/www.ceipmaestrorafaelbravomartin.es\/wp-content\/uploads\/2022\/03\/image-1.png?resize=350%2C200&ssl=1 1x, https:\/\/i0.wp.com\/www.ceipmaestrorafaelbravomartin.es\/wp-content\/uploads\/2022\/03\/image-1.png?resize=525%2C300&ssl=1 1.5x, https:\/\/i0.wp.com\/www.ceipmaestrorafaelbravomartin.es\/wp-content\/uploads\/2022\/03\/image-1.png?resize=700%2C400&ssl=1 2x, https:\/\/i0.wp.com\/www.ceipmaestrorafaelbravomartin.es\/wp-content\/uploads\/2022\/03\/image-1.png?resize=1050%2C600&ssl=1 3x"},"classes":[]}],"_links":{"self":[{"href":"https:\/\/www.ceipmaestrorafaelbravomartin.es\/index.php?rest_route=\/wp\/v2\/pages\/3324","targetHints":{"allow":["GET"]}}],"collection":[{"href":"https:\/\/www.ceipmaestrorafaelbravomartin.es\/index.php?rest_route=\/wp\/v2\/pages"}],"about":[{"href":"https:\/\/www.ceipmaestrorafaelbravomartin.es\/index.php?rest_route=\/wp\/v2\/types\/page"}],"author":[{"embeddable":true,"href":"https:\/\/www.ceipmaestrorafaelbravomartin.es\/index.php?rest_route=\/wp\/v2\/users\/6"}],"replies":[{"embeddable":true,"href":"https:\/\/www.ceipmaestrorafaelbravomartin.es\/index.php?rest_route=%2Fwp%2Fv2%2Fcomments&post=3324"}],"version-history":[{"count":15,"href":"https:\/\/www.ceipmaestrorafaelbravomartin.es\/index.php?rest_route=\/wp\/v2\/pages\/3324\/revisions"}],"predecessor-version":[{"id":3565,"href":"https:\/\/www.ceipmaestrorafaelbravomartin.es\/index.php?rest_route=\/wp\/v2\/pages\/3324\/revisions\/3565"}],"wp:attachment":[{"href":"https:\/\/www.ceipmaestrorafaelbravomartin.es\/index.php?rest_route=%2Fwp%2Fv2%2Fmedia&parent=3324"}],"curies":[{"name":"wp","href":"https:\/\/api.w.org\/{rel}","templated":true}]}}

Escolarización 2026/2027

<p><em><strong>PLAZO DE SOLICITUD</strong></em><strong>:</strong></p>



<p>&nbsp;&nbsp;&nbsp; Para todos los niveles,&nbsp;del <strong>1 al 31 de marzo de 2026</strong>, ambos incluidos</p>



<p>    La Consejería de Educación y Deporte pone a su disposición el teléfono 900 84 80 00 y un portal en el que accederá a una amplia información sobre el proceso, entre otras cosas, la puntuación que le corresponde por su domicilio, para visitarla pulse <a href="https://www.juntadeandalucia.es/educacion/portales/web/escolarizacion">aquí</a>.</p>



<p>La solicitud de plaza se realizará telemáticamente a través de la <strong>Secretaría Virtual</strong> de la Consejería de Educación y Deporte con iANDE (Identificador Andaluz educativo) o con clave. Para acceder a la secretaría virtual pulse <a href="https://secretariavirtual.juntadeandalucia.es/secretariavirtual/accesoTramite/543/">aquí</a>.</p>



<p><strong><em>CONSULTA DE SOLICITUDES</em>:</strong></p>



<p>&nbsp;&nbsp;&nbsp;&nbsp; En&nbsp;el&nbsp;<a href="https://www.juntadeandalucia.es/educacion/portales/es/web/escolarizacion" target="_blank" rel="noreferrer noopener">Portal de Escolarización</a>&nbsp;puesto en marcha por la Consejería el 1 de marzo coincidiendo con la apertura del plazo de presentación de solicitudes de admisión,&nbsp;las familias podrán encontrar información sobre todo el proceso de escolarización, las zonas y áreas de influencia, así como las solicitudes de admisión o un autobaremo. Para consultar las solicitudes ya baremadas, los interesados pueden acceder (<a rel="noreferrer noopener" href="https://www.juntadeandalucia.es/educacion/secretariavirtual/consultas/" target="_blank">https://secretariavirtual.ced.junta-andalucia.es/secretariavirtual/</a>&nbsp;introduciendo el DNI del tutor legal del solicitante, la fecha de nacimiento del alumno y el código del centro en el que se presentó la solicitud de escolarización, en nuestro caso: 41000338.</p>



<p>&nbsp;&nbsp; Además, la aplicación para smartphones&nbsp;<em>iEscolariza</em>&nbsp;permite realizar consultas de centros así como de los puntos del baremo por domicilio. Como novedad este año, a través de este dispositivo las familias recibirán notificaciones gratuitas tanto del procedimiento como de su solicitud.</p>



<p>Descargue la app iEscolariza en&nbsp;<a href="https://apps.apple.com/es/app/iescolariza/id606516551?l=en">App Store</a> y <a href="https://play.google.com/store/apps/details?id=es.juntadeandalucia.ced.escolarizacion">Google Play</a></p>



<p><strong><em>HORARIO DE ATENCIÓN AL PÚBLICO DURANTE EL PERÍODO DE SOLICITUD DE PLAZA</em>:</strong></p>



<p>&nbsp;&nbsp;&nbsp; de 9:15 a 11:15 en el teléfono 955622298</p>



<p><strong>CALENDARIO 2026:</strong>&nbsp;</p>



<ul class="wp-block-list">
<li><strong>JORNADAS DE PUERTAS ABIERTAS.&nbsp;&nbsp; Encuentro&nbsp; con las familias interesadas. Día 24 de febrero a las 17:00h</strong>.</li>
</ul>



<p>Para cualquier aclaración pueden utilizar el teléfono 955622298 o el correo electrónico de información: 41000338.edu@juntadeandalucia.es o administracion@ceipmaestrorafaelbravomartin.es en el que les atenderemos gustosamente.</p>



<figure class="wp-block-table"><table><tbody><tr><td><strong>FECHAS</strong></td><td><strong>PROCESO</strong></td></tr><tr><td><strong>1  al 31 de marzo</strong></td><td>Presentación de las solicitudes de admisión para el&nbsp;<strong>ALUMNADO NUEVO&nbsp;</strong>en el centro o traslado de centro (Anexo III).</td></tr><tr><td><strong>20 abril</strong></td><td>Publicación de la relación de solicitantes con la puntuación obtenida en los tablones del centro.</td></tr><tr><td><strong>21 abril</strong></td><td>Comienza el trámite de audiencia (10 días lectivos).</td></tr><tr><td><strong>13 mayo</strong></td><td>Sorteo público.</td></tr><tr><td><strong>14 mayo</strong></td><td>Resolución de admisión en el centro.</td></tr><tr><td><strong>25 mayo</strong></td><td>Se publicará la REUBICACIÓN del alumnado no admitido.</td></tr><tr><td><strong>26 mayo</strong></td><td>Recurso de alzada y reclamaciones (hasta el 26 de junio).</td></tr><tr><td><strong>1 al 8 de junio</strong></td><td>MATRICULACIÓN segundo ciclo de educación infantil, educación primaria y educación especial de todo el alumnado (nuevo y actual).</td></tr><tr><td></td><td></td></tr></tbody></table></figure>



<p></p>

<p>PLAZO DE SOLICITUD: &nbsp;&nbsp;&nbsp; Para todos los niveles,&nbsp;del 1 al 31 de marzo de 2026, ambos incluidos     La Consejería de Educación y Deporte pone a su disposición el teléfono 900 84 80 00 y un portal en el que accederá a una amplia información sobre el proceso, entre otras [&hellip;]</p>

CEIP Maestro Rafael Bravo Martín

Se publicarán trabajos, documentación, etc. relacionados con las nuevas tecnologías de la comunicación y la información. Nuestra sociedad actual está caracterizada por cambios rápidos y profundos, especialmente motivados por el desarrollo de las Nuevas Tecnologías de la Información y el Conocimiento. La escuela no puede estar ajena a este fenómeno…

¡En el CEIP Rafael Bravo Martín, educamos para la paz! Bienvenidos/as a todos/as a este espacio dedicado a la Educación para la Paz. Si bien nuestro Centro está dotado de recursos suficientes para realizar una labor educativa de calidad, existiendo un ambiente sosegado y tranquilo entre el profesorado, con un…

Proyecto Bilingüe

Auxiliares de conversación/ Language assistant English-Information-sheet-for-LA-25.26-1Descarga En la actualidad, dada la sociedad plurilingüe y multicultural en la que nos encontramos, se hace necesario el dominio de varios idiomas y el conocimiento de distintas culturas. Esto no solo nos enriquece a nivel personal, sino que favorece la inserción en la vida…

¡En el CEIP Maestro Rafael Bravo Martín, crememos en salud! ¡¡Hola!! Bienvenido/a a la parte saludable de la web del cole! Es verdad que estamos en unas circunstancias un poco excepcionales, pero no por eso hemos de dejar de lado la salud. Al fin y al cabo, un cuerpo saludable,…

En esta sección os informaremos tanto del menú mensual de nuestro comedor como de las noticias relacionadas con el uso del servicio. Circular a los Padres Año 2025-2026Descarga El horario del comedor será de 14:00 a 16:00 horas. El alumnado, tanto de Infantil como de primer ciclo de Primaria, será…

En nuestro Cole hemos celebrado el 8 de Marzo: “Día Internacional de la Mujer” realizando diferentes actividades, lecturas y juegos. Conmemorado este día con un MURAL en colaboración con nuestra AMPA en tela, a la que queremos agradecer su participación y esfuerzo. Nuestro alumnado lo ha completado con diferentes siluetas…
