{"id":384,"date":"2013-07-04T18:56:53","date_gmt":"2013-07-04T16:56:53","guid":{"rendered":"http:\/\/blogasuncion.es\/?page_id=384"},"modified":"2015-11-05T13:11:00","modified_gmt":"2015-11-05T12:11:00","slug":"proyecto-tic","status":"publish","type":"page","link":"https:\/\/www.ceipmaestrorafaelbravomartin.es\/?page_id=384","title":{"rendered":"Proyecto TIC"},"content":{"rendered":"<p style=\"text-align: center;\">Se publicar\u00e1n trabajos, documentaci\u00f3n, etc. relacionados con las nuevas tecnolog\u00edas de la comunicaci\u00f3n y la informaci\u00f3n.<\/p>\n<div class=\"art-blockcontent-body\"><\/div>\n<div class=\"art-postheadericons art-metadata-icons\"><\/div>\n<p><img decoding=\"async\" src=\"http:\/\/blogasuncion.es\/wp-content\/uploads\/2010\/10\/blogescuela.jpg\" alt=\"\" border=\"0\" \/>Nuestra sociedad actual est\u00e1 caracterizada por cambios r\u00e1pidos y profundos, especialmente motivados por el desarrollo de las Nuevas Tecnolog\u00edas de la Informaci\u00f3n y el Conocimiento. La escuela no puede estar ajena a este fen\u00f3meno y tenemos la obligaci\u00f3n de preparar a nuestros alumnos y alumnas para esta sociedad, en la que las TICs se han convertido en una herramienta de uso generalizado que pueden aportar innumerables ventajas en los procesos educativos. Por tanto,nuestro objetivo fundamental no es otro que integrar el uso de las TICs en las tareas que se realizan en el Centro, de modo que profesorado y alumnado las utilicen como una herramienta m\u00e1s en los procesos de ense\u00f1anza- aprendizaje.<\/p>\n<p>Desde el curso escolar 2009\/10 somos Centro TIC, gracias al proyecto presentado y aprobado por el Claustro de profesores\/as y posteriormente por la Consejer\u00eda de Educaci\u00f3n. Este proyecto abarcaba en un principio al segundo y tercer ciclo de Primaria. Durante ese mismo curso escolar, se puso en marcha el Plan Escuela TIC 2.0, que entre otras cosas, cada alumno\/a del tercer ciclo de primaria contaba con un ultraport\u00e1til, adem\u00e1s de pizarras digitales interactivas en las aulas. En la actualidad casi todas las aulas del centro cuentan con pizarra digital.<\/p>\n<p>Gracias a ambos proyectos, actualmente hemos podido hacer llegar las nuevas tecnolog\u00edas a todo el Centro, desde Ed. Infantil al tercer ciclo de primaria.<\/p>\n<div align=\"right\">\n<p>Jos\u00e9 Miguel Bravo<\/p>\n<p>Coordinador TIC del Centro.<\/p>\n<\/div>\n","protected":false},"excerpt":{"rendered":"<p>Se publicar\u00e1n trabajos, documentaci\u00f3n, etc. relacionados con las nuevas tecnolog\u00edas de la comunicaci\u00f3n y la informaci\u00f3n. Nuestra sociedad actual est\u00e1 caracterizada por cambios r\u00e1pidos y profundos, especialmente motivados por el desarrollo de las Nuevas Tecnolog\u00edas de la Informaci\u00f3n y el Conocimiento. La escuela no puede estar ajena a este fen\u00f3meno [&hellip;]<\/p>\n","protected":false},"author":4,"featured_media":0,"parent":0,"menu_order":0,"comment_status":"closed","ping_status":"closed","template":"","meta":{"jetpack_post_was_ever_published":false,"footnotes":""},"class_list":["post-384","page","type-page","status-publish","hentry"],"jetpack_sharing_enabled":true,"jetpack_shortlink":"https:\/\/wp.me\/P9VlHp-6c","jetpack-related-posts":[{"id":2634,"url":"https:\/\/www.ceipmaestrorafaelbravomartin.es\/?page_id=2634","url_meta":{"origin":384,"position":0},"title":"Creciendo en salud","author":"CEIP Maestro Rafael Bravo Mart\u00edn","date":"11 mayo, 2020","format":false,"excerpt":"\u00a1En el CEIP Maestro Rafael Bravo Mart\u00edn, crememos en salud! \u00a1\u00a1Hola!! Bienvenido\/a a la parte saludable de la web del cole! Es verdad que estamos en unas circunstancias un poco excepcionales, pero no por eso hemos de dejar de lado la salud. Al fin y al cabo, un cuerpo saludable,\u2026","rel":"","context":"Entrada similar","block_context":{"text":"Entrada similar","link":""},"img":{"alt_text":"","src":"https:\/\/i0.wp.com\/img.youtube.com\/vi\/3bjggxDiXyk\/0.jpg?resize=350%2C200","width":350,"height":200},"classes":[]},{"id":2834,"url":"https:\/\/www.ceipmaestrorafaelbravomartin.es\/?page_id=2834","url_meta":{"origin":384,"position":1},"title":"Comedor escolar","author":"CEIP Maestro Rafael Bravo Mart\u00edn","date":"9 noviembre, 2020","format":false,"excerpt":"En esta secci\u00f3n os informaremos tanto del men\u00fa mensual de nuestro comedor como de las noticias relacionadas con el uso del servicio. Circular a los Padres A\u00f1o 2025-2026Descarga El horario del comedor ser\u00e1 de 14:00 a 16:00 horas. El alumnado, tanto de Infantil como de primer ciclo de Primaria, ser\u00e1\u2026","rel":"","context":"Entrada similar","block_context":{"text":"Entrada similar","link":""},"img":{"alt_text":"","src":"","width":0,"height":0},"classes":[]},{"id":382,"url":"https:\/\/www.ceipmaestrorafaelbravomartin.es\/?page_id=382","url_meta":{"origin":384,"position":2},"title":"Proyecto Biling\u00fce","author":"CEIP Maestro Rafael Bravo Mart\u00edn","date":"4 julio, 2013","format":false,"excerpt":"Auxiliares de conversaci\u00f3n\/ Language assistant English-Information-sheet-for-LA-25.26-1Descarga En la actualidad, dada la sociedad pluriling\u00fce y multicultural en la que nos encontramos, se hace necesario el dominio de varios idiomas y el conocimiento de distintas culturas. Esto no solo nos enriquece a nivel personal, sino que favorece la inserci\u00f3n en la vida\u2026","rel":"","context":"Entrada similar","block_context":{"text":"Entrada similar","link":""},"img":{"alt_text":"","src":"","width":0,"height":0},"classes":[]},{"id":3324,"url":"https:\/\/www.ceipmaestrorafaelbravomartin.es\/?page_id=3324","url_meta":{"origin":384,"position":3},"title":"Escolarizaci\u00f3n 2026\/2027","author":"CEIP Maestro Rafael Bravo Mart\u00edn","date":"3 marzo, 2023","format":false,"excerpt":"PLAZO DE SOLICITUD: \u00a0\u00a0\u00a0 Para todos los niveles,\u00a0del 1 al 31 de marzo de 2026, ambos incluidos \u00a0\u00a0\u00a0 La Consejer\u00eda de Educaci\u00f3n y Deporte pone a su disposici\u00f3n el tel\u00e9fono 900 84 80 00 y un portal en el que acceder\u00e1 a una amplia informaci\u00f3n sobre el proceso, entre otras\u2026","rel":"","context":"Entrada similar","block_context":{"text":"Entrada similar","link":""},"img":{"alt_text":"","src":"","width":0,"height":0},"classes":[]},{"id":2238,"url":"https:\/\/www.ceipmaestrorafaelbravomartin.es\/?page_id=2238","url_meta":{"origin":384,"position":4},"title":"aulaDjaque","author":"CEIP Maestro Rafael Bravo Mart\u00edn","date":"23 marzo, 2020","format":false,"excerpt":"Os damos la bienvenida desde este nuevo rinc\u00f3n de Auladjaque a toda la comunidad educativa. \u00a0\u00a0\u00a0\u00a0\u00a0\u00a0\u00a0\u00a0\u00a0\u00a0\u00a0 Desde este espacio, os vamos a proponer actividades relacionadas con el ajedrez con un doble prop\u00f3sito: divertirnos y mejorar el razonamiento matem\u00e1tico. \u00a0\u00a0\u00a0\u00a0\u00a0\u00a0\u00a0\u00a0\u00a0\u00a0\u00a0 Se trata de resolver situaciones del juego encontrando en cada momento,\u2026","rel":"","context":"Entrada similar","block_context":{"text":"Entrada similar","link":""},"img":{"alt_text":"","src":"https:\/\/i0.wp.com\/www.ceipmaestrorafaelbravomartin.es\/wp-content\/uploads\/2020\/04\/46-150x150.png?resize=350%2C200&ssl=1","width":350,"height":200,"srcset":"https:\/\/i0.wp.com\/www.ceipmaestrorafaelbravomartin.es\/wp-content\/uploads\/2020\/04\/46-150x150.png?resize=350%2C200&ssl=1 1x, https:\/\/i0.wp.com\/www.ceipmaestrorafaelbravomartin.es\/wp-content\/uploads\/2020\/04\/46-150x150.png?resize=525%2C300&ssl=1 1.5x, https:\/\/i0.wp.com\/www.ceipmaestrorafaelbravomartin.es\/wp-content\/uploads\/2020\/04\/46-150x150.png?resize=700%2C400&ssl=1 2x"},"classes":[]},{"id":2645,"url":"https:\/\/www.ceipmaestrorafaelbravomartin.es\/?page_id=2645","url_meta":{"origin":384,"position":5},"title":"Escuela espacio de paz","author":"CEIP Maestro Rafael Bravo Mart\u00edn","date":"12 mayo, 2020","format":false,"excerpt":"\u00a1En el CEIP Rafael Bravo Mart\u00edn, educamos para la paz! Bienvenidos\/as a todos\/as a este espacio dedicado a la Educaci\u00f3n para la Paz. Si bien nuestro Centro est\u00e1 dotado de recursos suficientes para realizar una labor educativa de calidad, existiendo un ambiente sosegado y tranquilo entre el profesorado, con un\u2026","rel":"","context":"Entrada similar","block_context":{"text":"Entrada similar","link":""},"img":{"alt_text":"","src":"","width":0,"height":0},"classes":[]}],"_links":{"self":[{"href":"https:\/\/www.ceipmaestrorafaelbravomartin.es\/index.php?rest_route=\/wp\/v2\/pages\/384","targetHints":{"allow":["GET"]}}],"collection":[{"href":"https:\/\/www.ceipmaestrorafaelbravomartin.es\/index.php?rest_route=\/wp\/v2\/pages"}],"about":[{"href":"https:\/\/www.ceipmaestrorafaelbravomartin.es\/index.php?rest_route=\/wp\/v2\/types\/page"}],"author":[{"embeddable":true,"href":"https:\/\/www.ceipmaestrorafaelbravomartin.es\/index.php?rest_route=\/wp\/v2\/users\/4"}],"replies":[{"embeddable":true,"href":"https:\/\/www.ceipmaestrorafaelbravomartin.es\/index.php?rest_route=%2Fwp%2Fv2%2Fcomments&post=384"}],"version-history":[{"count":6,"href":"https:\/\/www.ceipmaestrorafaelbravomartin.es\/index.php?rest_route=\/wp\/v2\/pages\/384\/revisions"}],"predecessor-version":[{"id":1211,"href":"https:\/\/www.ceipmaestrorafaelbravomartin.es\/index.php?rest_route=\/wp\/v2\/pages\/384\/revisions\/1211"}],"wp:attachment":[{"href":"https:\/\/www.ceipmaestrorafaelbravomartin.es\/index.php?rest_route=%2Fwp%2Fv2%2Fmedia&parent=384"}],"curies":[{"name":"wp","href":"https:\/\/api.w.org\/{rel}","templated":true}]}}